{"id":11148,"date":"2016-12-18T22:58:00","date_gmt":"2016-12-18T21:58:00","guid":{"rendered":"http:\/\/www.webmagazyny.pl\/?page_id=11148"},"modified":"2017-02-05T22:23:34","modified_gmt":"2017-02-05T21:23:34","slug":"dostepnosc-uslug","status":"publish","type":"page","link":"https:\/\/www.webmagazyny.pl\/?page_id=11148","title":{"rendered":"Dost\u0119pno\u015b\u0107 us\u0142ug"},"content":{"rendered":"","protected":false},"excerpt":{"rendered":"","protected":false},"author":1,"featured_media":11267,"parent":0,"menu_order":0,"comment_status":"closed","ping_status":"closed","template":"","meta":[],"_links":{"self":[{"href":"https:\/\/www.webmagazyny.pl\/index.php?rest_route=\/wp\/v2\/pages\/11148"}],"collection":[{"href":"https:\/\/www.webmagazyny.pl\/index.php?rest_route=\/wp\/v2\/pages"}],"about":[{"href":"https:\/\/www.webmagazyny.pl\/index.php?rest_route=\/wp\/v2\/types\/page"}],"author":[{"embeddable":true,"href":"https:\/\/www.webmagazyny.pl\/index.php?rest_route=\/wp\/v2\/users\/1"}],"replies":[{"embeddable":true,"href":"https:\/\/www.webmagazyny.pl\/index.php?rest_route=%2Fwp%2Fv2%2Fcomments&post=11148"}],"version-history":[{"count":2,"href":"https:\/\/www.webmagazyny.pl\/index.php?rest_route=\/wp\/v2\/pages\/11148\/revisions"}],"predecessor-version":[{"id":11298,"href":"https:\/\/www.webmagazyny.pl\/index.php?rest_route=\/wp\/v2\/pages\/11148\/revisions\/11298"}],"wp:featuredmedia":[{"embeddable":true,"href":"https:\/\/www.webmagazyny.pl\/index.php?rest_route=\/wp\/v2\/media\/11267"}],"wp:attachment":[{"href":"https:\/\/www.webmagazyny.pl\/index.php?rest_route=%2Fwp%2Fv2%2Fmedia&parent=11148"}],"curies":[{"name":"wp","href":"https:\/\/api.w.org\/{rel}","templated":true}]}}